 + 3*q + 7. Let y be n(3). Let j = y - -936. Is j a prime number?
False
Suppose 0*x - 5*x + 20 = 0. Suppose x*g = g. Suppose 6*m - m - 1685 = g. Is m a composite number?
False
Suppose -12*b + 9*b - 73829 = -4*n, -4*b + 92263 = 5*n. Is n a prime number?
False
Let r(i) = -316*i + 10. Let j be r(-9). Suppose -3*t + 5963 = -j. Is t prime?
True
Let f(w) = -3*w + 0 + 3 - 5 - 1. Let u be f(-3). Is ((-40)/12)/(u/(-171)) composite?
True
Let y = 464 + -375. Is y a composite number?
False
Let t(j) = j**3 - 9*j**2 + 11*j - 9. Let o be t(8). Let p = -11 + o. Suppose p*z + 18 = q, -q - 5*z + 27 = -0*z. Is q composite?
True
Suppose 0 = -4*h + f + 16, 0 = 5*h + 2*f - 28 - 5. Suppose 5*r + h = -10. Is r/((-1)/1) + 23 a prime number?
False
Let j(n) = 157*n**3 + 1. Let y be j(2). Suppose 75 + y = 3*p. Suppose -k = 3*k - p. Is k composite?
True
Suppose -2*w - 8 = -4. Let n(o) = 4*o**3 + o**2 + 18*o + 9. Let c(q) = q**3 + 6*q + 3. Let i(u) = w*n(u) + 7*c(u). Is i(-4) a prime number?
True
Is (-2)/(5795/(-1931) + 3) composite?
False
Let o(c) = 18*c**2 + 30*c - 49. Is o(11) a prime number?
True
Let q = 30 - 26. Suppose q*o + 8*t = 6*t + 7714, -t = -4*o + 7717. Suppose w + 2*g = 427, -3*g + 265 = -4*w + o. Is w a prime number?
True
Let k(i) = 439*i + 3. Let u(w) = -220*w - 1. Let j(p) = -2*k(p) - 5*u(p). Let t be j(2). Suppose -s + t = 5*c + s, -357 = -4*c + s. Is c a composite number?
False
Let k = -25 - -31. Let r(n) be the second derivative of 33*n**3/2 - 13*n**2/2 + 8*n. Is r(k) composite?
True
Let g(q) = -q**2 + 9*q - 22. Let v be g(7). Is (1 + v/4)*-19*29 prime?
False
Let n = 0 - 0. Suppose 5*q + 5*p - 10845 = n, 1559 - 10240 = -4*q - 5*p. Suppose 0*r = 4*r - q. Is r a prime number?
True
Let k(f) = -f. Let t(d) = 45*d + 23. Let c(p) = 5*k(p) - t(p). Is c(-8) composite?
True
Let t(v) = -9*v + 1. Let m be (8/(-4))/(2/5). Let q be t(m). Let x = q - 15. Is x a composite number?
False
Let w be (5 - (-18)/(-3))/(1/(-3)). Suppose -3*u - d + 1023 = 0, w*u - 341 = 2*u + d. Is u composite?
True
Is (2/(-2))/(11/(-31009)) a composite number?
False
Let y = 1333 + -635. Suppose 3*r - 2119 = 4*v, y = r - 0*r - 3*v. Is r prime?
False
Let t = -161570 - -231339. Is t a prime number?
False
Let s = -117 - -120. Suppose 5152 = s*f - 0*w - w, 2*w + 6870 = 4*f. Is f prime?
False
Suppose 2*q - 1803 = 5*g + 409, 4*q - g - 4442 = 0. Is q a prime number?
False
Let w(v) = -9*v**2 - v**3 + 4*v**3 - 2*v**3 - 3 + 9*v. Let s be w(8). Suppose -l + s*l = 508. Is l composite?
False
Is 8 - 6 - 2 - (-4201)/1 a prime number?
True
Let l = 762 - 511. Is l prime?
True
Is ((-102)/(-90) - 1) + (-1884549)/(-45) a composite number?
False
Let r be (0 - 4 - -28)/2. Suppose -o - 2*o = -r. Suppose 2*c - 4*t - 311 - 7 = 0, 3*c + o*t = 467. Is c a prime number?
True
Suppose s = 2*w - 18313, -24*s = -5*w - 23*s + 45778. Is w a prime number?
False
Let u(q) = -q**2 - 2*q - 26. Let g be u(12). Let t = g + 2295. Is t a prime number?
False
Let b(p) = -44*p**2 - 14*p + 11. Let m be b(10). Let v = m + 7234. Is v composite?
True
Let m be (-1 + (-143)/3)/(12/(-18)). Let r be (1/(-2))/((-1)/(-8)). Is r - (3 - m) - -1 composite?
False
Suppose 0 = y - 3*n - 10634, -2*y = -17*n + 18*n - 21275. Is y composite?
True
Let o = 57005 - 37038. Is o prime?
False
Suppose -4*m = -3*y - 84232, -11*m + 3*y = -12*m + 21043. Is m prime?
False
Let j be (7/(-7))/((-2)/10). Suppose 0 = -4*a - 2*m + 1196, m - 163 = j*a - 1672. Is a prime?
False
Let p(s) = -20*s**3 + 3*s**2 + 2*s - 2. Let z(u) be the third derivative of u**4/12 - 2*u**3 - u**2. Let w be z(5). Is p(w) prime?
False
Let c = 23419 - 16218. Is c prime?
False
Let r be 832/3 - (20/3)/(-10). Suppose r = 5*o - 137. Is o a prime number?
True
Suppose 3*h - 18 = -9. Suppose -3*n + 0*t = -4*t - 373, 0 = -h*n - 5*t + 364. Let w = -44 + n. Is w a composite number?
False
Is 1 + (11 - 6) - -3931 composite?
True
Let d(h) be the first derivative of -h**3/3 - h**2 + 394*h - 2. Is d(0) a prime number?
False
Let p = 1941 + -1028. Is p composite?
True
Let r(q) = -84*q - 24. Let k(n) = 21*n + 6. Let i(o) = -15*k(o) - 4*r(o). Let x be i(7). Let t = x - 86. Is t composite?
False
Suppose -7*t = -5*t - 10. Suppose 873 = -t*g + 2908. Is g composite?
True
Let l be (135/2)/(-9)*6. Is l/30*-4*5758/12 a composite number?
False
Is (-690)/621 - 682957/(-9) prime?
True
Let j be ((-6)/(-2) + 0)*-1. Let h = j - -6. Suppose 2*n + t - 258 = 0, 381 = 3*n + h*t - 0*t. Is n composite?
False
Suppose 3*h + 4 = 7. Let l be h/(-2) - 261/(-18). Suppose l + 173 = z. Is z prime?
False
Let m(b) = b**3 - 12*b**2 - 10*b - 9. Let p be m(13). Is (-2)/(-15) - (-37586)/p composite?
True
Suppose 5*d = -7*u + 2*u + 131265, -2*d - 4*u + 52514 = 0. Is d a composite number?
False
Let s(b) = -b**3 + 26*b**2 + 52*b + 56. Is s(-15) a prime number?
True
Let o = -2 + 4. Let k(j) = -112*j - 1. Let h(z) = -225*z - 3. Let d(p) = o*h(p) - 5*k(p). Is d(2) composite?
True
Let i(o) = o**3 + 7*o**2 - 2*o - 43. Let r be i(-6). Suppose 5*z + r*s - 2459 = 3*s, 5*z - 2456 = -3*s. Is z a prime number?
False
Suppose -12*t - 2*i + 23758 = -8*t, 2*i + 11876 = 2*t. Is t prime?
True
Suppose 0*q + q + 49 = 4*p, -4*q - 52 = -4*p. Let u(n) = -n**3 + 12*n**2 + 9*n - 11. Is u(p) a composite number?
False
Suppose -1084 = -2*q - 2*v, 20 = 5*v - v. Is q a prime number?
False
Suppose -77*x + 138370 - 7239 = 0. Is x prime?
False
Suppose k + 2*k - 15 = 0. Suppose -6*b = -3*h - b + 32, 16 = -h - k*b. Is 747/h - (-1)/4 prime?
False
Suppose 2*d + 3*c - 23148 = -1834, -c = d - 10659. Is d prime?
True
Suppose 10875 = 7*q + 1936. Is q composite?
False
Let r = 573 + -1098. Let b = r + 1184. Is b prime?
True
Let u be (-1603)/(-3) + 3/(-9). Let i = u + -267. Is i a prime number?
False
Suppose 5*l + 15 = 0, -w + l + 3 = -2*w. Let s be 207/(-6)*(-7)/(28/8). Suppose -3*y + s = 5*b - 2*y, w = 5*b - 3*y - 53. Is b prime?
True
Let t(k) = 5*k**2 - k + 2. Let q be t(1). Is (11016 - 3)*q/18 a composite number?
False
Is (-1116555)/(-99) - 4/12 prime?
False
Let f be ((-34)/(-51))/((-4)/11706). Let b = -960 - f. Is b a composite number?
False
Is (-6737)/(13/(-78)*6) a composite number?
False
Let w = 28 + -44. Let z(t) = t**2 + 18*t + 16. Let k be z(w). Is 1784/k*(-4)/2 composite?
False
Let h(k) = k. Let v(b) = 5*b + 17. Let o(m) = -6*h(m) + v(m). Is o(-14) a prime number?
True
Let c(w) = w - 5*w + 5*w + 0*w + 8*w**2 + 16. Is c(-6) prime?
False
Let o(h) = h**3 + 2*h**2 - 2*h - 1574. Let b be o(0). Is b/(-4)*(-19 - -21) a prime number?
True
Let d = 35966 - 16145. Is d prime?
False
Let d(r) = 2*r**2 + 4*r**2 - 9*r + 0*r + 3*r**2 + 11. Let s be d(7). Suppose i - 84 = s. Is i a prime number?
False
Suppose 178814 = 15*a + 16139. Let w = a - 6352. Is w a composite number?
False
Suppose o = 5*b + 372 + 1826, -3*o - b = -6530. Let s = 3111 - o. Is s composite?
True
Let b be (-524)/8*4*2. Is -2 - b - 1/(3/9) a composite number?
True
Let z(r) = -223*r - 116. Is z(-31) prime?
False
Let q = -7 + 9. Suppose x - 1370 = -4*x - 2*v, 0 = q*x + v - 547. Suppose 2*b - 126 = -5*s + x, 3*s - 410 = -2*b. Is b prime?
True
Suppose -2*t + 8 = 2*t. Suppose 8*k = t*k. Suppose 4*q = 5*j - 435, 2*j + q - 170 + 9 = k. Is j a composite number?
False
Suppose 12*s + 8*s = 25700. Is s prime?
False
Let n = -651 - -5434. Is n composite?
False
Let g = -39025 - -78632. Is g a composite number?
False
Suppose 469*c - 473*c = -24340. Is c a prime number?
False
Suppose -334555 = -5*n - 8*n. Is n a composite number?
True
Let c be 21/(-14)*(-24)/9. Suppose 0 = 11*z - 7*z + c. Is 10890/24 + z/(-4) a prime number?
False
Suppose 8 + 6 = 7*m. Is (-4106)/(-4)*(4 - m) prime?
True
Suppose 0*r = -r. Suppose r = 4*y - 3*c - 5613, 0 = -y + 2*y - 2*c - 1407. Is y composite?
True
Let m be -1 - (-1)/((-3)/(-9)). Let s be 1/m - (-9)/2. Suppose -w - 3*b = 4*w - 205, -s*b = 2*w - 101. Is w composite?
True
Suppose -3*y - 3*t - 12 = 0, -16 = 5*y - 4*y + 4*t. Let j be -3 + 2 + (y - -4). Suppose 0*d - 796 = -2*d + 2*o, 0 = j*d - 5*o - 1196. Is d a prime number?
True
Let v be 11/6*3 + 14/28. Is (v/(-4))/(45/(-1050)) composite?
True
Suppose 6*n = 2*n + 4*c, -c = 0. Suppose -5*b + 1985 = -n*b + 3*k, -4*k = -5*b + 1950. Is b a prime number?
False
Let u be (-3193)/(-2) + (-3)/(-6). Suppose -4*c - 2295 - u = 0. Let a = -596 - c. Is a a composite number?
Tru